e 0 = p*j - 458 - 397. Calculate the greatest common factor of a and j.
19
Let y be 97/(-11) - (-26)/(-143). Let w(z) = -4*z - 12. Let h be w(y). Let j be 8*2*(-6)/(-8). Calculate the greatest common factor of j and h.
12
Suppose q + q - 4 = 3*w, -q = -3*w + 1. Suppose l - q*l + 34 = 3*z, 2*z + l - 31 = 0. Calculate the highest common divisor of 12 and z.
6
Let u = -6 + 8. Suppose 3*r + 3*i = 189, -r = -i - u*i - 51. Suppose -2*l + 64 - 16 = 0. Calculate the greatest common divisor of l and r.
12
Suppose 61 = 3*g - 659. Calculate the greatest common divisor of 48 and g.
48
Let f be (3/(-2))/(7/(-14)). Let r(i) = i**3 - 3*i**2 + 3*i + 3. Let l be r(f). What is the greatest common divisor of l and 132?
12
Let l = -287 + 503. What is the greatest common factor of 24 and l?
24
Let c be (4/(-8) + 7)*(-4)/(-1). Calculate the highest common divisor of c and 104.
26
Suppose 6*j - 20 = 2*j. Let l = 57 - 32. Calculate the greatest common divisor of l and j.
5
Let s be (-11 + -1)/(11 + -12). Let b(r) = -35*r**3 - 2*r - 1. Let o be b(-1). What is the highest common factor of s and o?
12
Suppose 315 = 2*u - 3*p, 0 = 4*u - 4*p - 145 - 495. What is the greatest common factor of 15 and u?
15
Let b = 47 - -3. Let x(d) = -4*d**3 + d**2 + d + 1. Let m(f) = f**2 - 7*f - 1. Let g be m(7). Let p be x(g). Calculate the greatest common factor of b and p.
5
Let l be (0 + 2)/(6 - 8). Let s = 7 + l. Calculate the highest common factor of 66 and s.
6
Let z = 10 - 7. Suppose -z*y = 0, 75 + 5 = 4*i - 5*y. Suppose 68 = 4*p + i. What is the greatest common factor of p and 24?
12
Suppose 4*a - 2*c - 242 = 0, -c - 1 + 6 = 0. What is the highest common factor of 9 and a?
9
Suppose 0 = -4*i + 3 + 1. Let y be (2/(-2))/(1/(-2)). What is the greatest common divisor of y and i?
1
Let g be ((-8)/(-6))/((-2)/(-105)). Calculate the greatest common factor of g and 14.
14
Suppose -o = -4*q - 30, 2*q + o + 2*o + 22 = 0. Let z = q - -19. Calculate the highest common divisor of z and 44.
11
Suppose 5*h = -55 - 95. Let w be (h/(-9))/(-1)*-9. Calculate the greatest common factor of 270 and w.
30
Let v = 101 - 95. Let u(r) = -54*r. Let j be u(-1). What is the greatest common factor of v and j?
6
Let a be ((-2)/(-4))/(1/14). Let x be -14 + 18 - (-45 + 0). Calculate the greatest common factor of x and a.
7
Let b = 105 - 24. What is the greatest common divisor of b and 9?
9
Let p(z) = z**3 + 11*z**2 + 10*z + 8. Let q be p(-10). Suppose -52 = -3*r + 44. What is the greatest common divisor of q and r?
8
Let f(g) = 24*g - 7. Let t be f(3). Suppose z + p = -z + t, -z - 3*p = -45. What is the highest common factor of 10 and z?
10
Suppose -23 = -2*n + 5. Let r = -160 + 162. Calculate the highest common divisor of r and n.
2
Let r = 6 + 6. Let y be (3 - 2) + r*-1. Let s = y - -17. What is the greatest common factor of 66 and s?
6
Let h be -4*(-8)/10*5. Let l = h + -10. What is the greatest common divisor of l and 54?
6
Suppose 0 = 4*b - 0*b - 2*t - 262, 0 = b + t - 58. What is the highest common divisor of b and 42?
21
Suppose 2*r - 192 = -0*r. Suppose -k = 4*y - 14, -3*k - 3*y - 4 = -1. Let x = 6 - k. Calculate the greatest common factor of x and r.
12
Let w be 4/(-2 - 0)*-2. Let f = 10 - 5. Let b(x) = x**2 - 6*x + 6. Let q be b(f). Calculate the highest common factor of q and w.
1
Let i = -233 - -349. Let k = i - 82. Suppose 2*r = r + 2, -5*x = r - 87. Calculate the highest common divisor of k and x.
17
Let j be 1/5 + -6 + (-518)/(-35). What is the greatest common factor of 3 and j?
3
Suppose 4*c + 0*c + m - 165 = 0, -4*m = 2*c - 100. Suppose 5*n + 3 = 83. Calculate the highest common divisor of c and n.
8
Let b(o) = -o**3 + 13*o**2 + 13*o + 25. Let m be b(14). Calculate the highest common divisor of 88 and m.
11
Suppose -4*x + 3*s + 112 = 0, 4*s + 11 + 4 = x. Let b = 3 - x. Let g be (3/(-6))/(2/b). Calculate the highest common factor of 49 and g.
7
Suppose -h - 3*l - 10 = -6*h, -4*l = -2*h - 10. Suppose -3*c - 27 = -2*i, h*i - 5*c + 4*c = 74. What is the highest common factor of 165 and i?
15
Let k be 27/2 - 12/8. What is the greatest common factor of 120 and k?
12
Suppose -4*q = -2*m - m - 47, 2*m - 2 = -4*q. Let s be (-1)/2 + 129/6. Let v = s + m. Calculate the greatest common factor of 3 and v.
3
Suppose 5*y - 13 - 2 = 0. Let m(a) = 4*a. Let z be m(y). What is the highest common factor of z and 12?
12
Let n = 25 + -3. Calculate the highest common factor of n and 11.
11
Let d be 1 - (-29 - (2 + -6)). Calculate the greatest common factor of 52 and d.
26
Suppose 2*z - 4*d = 10, 2 = 2*d + 4. Let a be (198/6 + -6)*(-1)/(-3). What is the highest common divisor of a and z?
3
Suppose 4*z - 156 = -4*o + 368, -4*z - 5*o = -523. What is the highest common factor of 12 and z?
12
Suppose -5*w = -2*w - 105. Let b(h) be the second derivative of 5*h**3/6 - 3*h**2 - h. Let d be b(4). What is the greatest common divisor of w and d?
7
Suppose r + 0 = 5. Let x = -60 - -105. What is the greatest common factor of r and x?
5
Let q be -1 - -2 - 63/3. Let d be (-2)/5 + (-88)/q. Suppose d*m - m = 48. Calculate the greatest common factor of 4 and m.
4
Let a be 6/(-10) - (-16)/10. Let n be ((-26)/a)/((-4)/8). Suppose 0 = -3*u + 4*g + 55, -5*u + 4*g + 100 = 19. Calculate the highest common divisor of u and n.
13
Let g = 41 + 91. What is the greatest common factor of 12 and g?
12
Let i be (-5)/((-15)/51)*11. Let x = -47 + i. What is the greatest common factor of 28 and x?
28
Let i = 0 - 3. Let j be (i*3)/3 - 3. Let h be (10/(-6))/(1/j). What is the greatest common divisor of h and 80?
10
Let h = -5 - -7. Suppose h*r = -0*r + 36. Calculate the highest common divisor of 27 and r.
9
Suppose -5*q + 356 = -v, 2*v + v = -5*q + 352. Suppose 4*m = -q + 3. Let d be -2 - (m*1 - 1). Calculate the greatest common divisor of d and 16.
16
Suppose 0 = -4*g + n + 290, 5*g - 3*n - 222 = 2*g. Calculate the greatest common divisor of g and 24.
24
Let h(c) = c**3 + 28. Let g be h(0). What is the highest common divisor of g and 56?
28
Let t(h) be the second derivative of -h**5/5 - h**4/12 + h**3/6 + h**2 + h. Let n be t(-2). What is the highest common divisor of 84 and n?
28
Let r be 11*(-1 + (0 - -2)). Calculate the highest common divisor of 44 and r.
11
Suppose 0 = 5*o - 2*s - 25, 0 = -o + 2*s + 3*s + 5. Let d be 208/20*o*1. Let p = -22 + d. What is the highest common factor of p and 5?
5
Suppose -3*b - 9 = 0, -4*x - 4*b - 139 = -491. What is the highest common divisor of 13 and x?
13
Suppose -3 = -j - 5*r, -2*r - 4 = j + 2*j. Let b be j - (77 - -1)/(-3). Let p = -1 + 4. What is the greatest common divisor of b and p?
3
Suppose -4*f = -98 + 38. What is the highest common factor of f and 15?
15
Suppose r - 2*t = 110, -2*t - 3*t = r - 110. Calculate the highest common divisor of 10 and r.
10
Let k(i) = i**2 + 9*i + 13. Let h be k(-9). Suppose -19 - h = -5*f + 3*d, -5*f + 2*d + 33 = 0. What is the greatest common divisor of 7 and f?
7
Let c = -2 - -4. Let j be 3 - -1 - c*1. Calculate the highest common divisor of j and 22.
2
Suppose -2*r = -7 + 3. Suppose 0 = p - 14 + r. Let v(w) = w**2 - 6*w + 5. Let n be v(7). What is the highest common divisor of n and p?
12
Let k be (9/27 - (-28)/6)*5. Calculate the highest common factor of 15 and k.
5
Suppose -4*d = -d - 3*m - 21, 4*d - 32 = 5*m. What is the greatest common divisor of d and 15?
3
Let n(i) be the first derivative of i**2/2 + 11*i + 7. Let y be n(-6). Let a be (1/(-2))/((-2)/4). What is the highest common factor of y and a?
1
Suppose 0*d - 12 = -4*d. Calculate the greatest common divisor of 6 and d.
3
Let r be 24/4*(-6)/4. Let f = r + 27. Suppose -5*l - 76 = -i - 4*l, i = 4*l + 88. Calculate the greatest common divisor of i and f.
18
Let h = -4 - -52. Let s(r) = 2*r**2 + 3*r - 1. Let j be s(-3). Calculate the greatest common factor of h and j.
8
Let z = -4 + 18. Calculate the greatest common factor of 98 and z.
14
Let b(w) be the third derivative of w**6/120 + w**5/15 - w**4/4 - w**3/2 - 2*w**2. Let l be b(-5). What is the highest common divisor of l and 20?
2
Suppose 5*z - 41 = -16. Calculate the highest common divisor of 5 and z.
5
Let u = 30 - 21. What is the highest common factor of 99 and u?
9
Suppose 1792 = 7*a + 9*a. Suppose 3*n + 16 = 4*n. What is the greatest common divisor of a an